{"id":107,"date":"2023-06-09T18:45:08","date_gmt":"2023-06-09T18:45:08","guid":{"rendered":"https:\/\/jcpodvin.si\/?page_id=107"},"modified":"2023-06-11T06:46:28","modified_gmt":"2023-06-11T06:46:28","slug":"sola-jahanja","status":"publish","type":"page","link":"https:\/\/jcpodvin.si\/index.php\/sola-jahanja\/","title":{"rendered":"\u0160ola jahanja"},"content":{"rendered":"\n<p>Individualna \u0161ola jahanja &#8211; za tiste, ki cenite znanje! <\/p>\n\n\n\n<p>Vrhunska jahalna \u0161ola in trening center &#8211; Jahalni center Podvin,  ponuja celovito izobra\u017eevanje za vse navdu\u0161ence rekreativnega jahanja in vse do jahalnega \u0161porta v preskakovanju ovir in drsuri. In\u0161truktor Grega Mihel\u010di\u010d z mednarodno licenco za obe disciplini in ima bogate izku\u0161nje na podro\u010dju \u0161olanja in tekmovanja tako v tujini kot doma.<\/p>\n\n\n\n<p><\/p>\n\n\n\n<div class=\"wp-block-columns is-layout-flex wp-container-core-columns-is-layout-9d6595d7 wp-block-columns-is-layout-flex\">\n<div class=\"wp-block-column is-layout-flow wp-block-column-is-layout-flow\" style=\"flex-basis:33.33%\">\n<figure class=\"wp-block-image size-full\"><img loading=\"lazy\" decoding=\"async\" width=\"432\" height=\"243\" src=\"https:\/\/jcpodvin.si\/wp-content\/uploads\/2023\/06\/Sola-janja-jahac-1-2-jahalni-center-podvin-02.jpg\" alt=\"\" class=\"wp-image-110\" srcset=\"https:\/\/jcpodvin.si\/wp-content\/uploads\/2023\/06\/Sola-janja-jahac-1-2-jahalni-center-podvin-02.jpg 432w, https:\/\/jcpodvin.si\/wp-content\/uploads\/2023\/06\/Sola-janja-jahac-1-2-jahalni-center-podvin-02-300x169.jpg 300w\" sizes=\"auto, (max-width: 432px) 100vw, 432px\" \/><\/figure>\n\n\n\n<figure class=\"wp-block-image size-full\"><img loading=\"lazy\" decoding=\"async\" width=\"960\" height=\"540\" src=\"https:\/\/jcpodvin.si\/wp-content\/uploads\/2023\/06\/Sola-janja-jahac-1-2-jahalni-center-podvin-01.jpg\" alt=\"\" class=\"wp-image-111\" srcset=\"https:\/\/jcpodvin.si\/wp-content\/uploads\/2023\/06\/Sola-janja-jahac-1-2-jahalni-center-podvin-01.jpg 960w, https:\/\/jcpodvin.si\/wp-content\/uploads\/2023\/06\/Sola-janja-jahac-1-2-jahalni-center-podvin-01-300x169.jpg 300w, https:\/\/jcpodvin.si\/wp-content\/uploads\/2023\/06\/Sola-janja-jahac-1-2-jahalni-center-podvin-01-768x432.jpg 768w\" sizes=\"auto, (max-width: 767px) 89vw, (max-width: 1000px) 54vw, (max-width: 1071px) 543px, 580px\" \/><\/figure>\n<\/div>\n\n\n\n<div class=\"wp-block-column is-layout-flow wp-block-column-is-layout-flow\" style=\"flex-basis:66.66%\">\n<p>Pri nas lahko izbirate med individualnim u\u010denjem jahanja ali \u0161portnimi treningi, prilagojenim va\u0161im potrebam in ciljem. Ponujamo tudi mo\u017enost pridobitve potrditve znanja po programu Jaha\u010d 1 in Jaha\u010d 2, kar vam omogo\u010da nadaljnji napredek in izpopolnjevanje v znanju jahalnega \u0161porta. S pridnim u\u010denjem lahko pridobite tudi tekmovalno licenco v preskakovanju ovir in (ali) dresuri in tako svoje cilje postavite \u0161e vi\u0161je na tekmovelne parkurje.<\/p>\n\n\n\n<p>Vse u\u010dne ure jahanjap potekajo individualno.<\/p>\n<\/div>\n<\/div>\n\n\n\n<div class=\"wp-block-columns is-layout-flex wp-container-core-columns-is-layout-9d6595d7 wp-block-columns-is-layout-flex\">\n<div class=\"wp-block-column is-layout-flow wp-block-column-is-layout-flow\" style=\"flex-basis:66.66%\">\n<p>Na\u0161a velika pokrita jahalnica je popolna za vadbo v zimskih in de\u017eevnih dneh ter omogo\u010da treninge in \u0161olo tudi v ve\u010dernih urah pod soji reflektorjev. Podlaga v jahalnici je iz mivke in zagotavlja varno in udobno jahanje ter omogo\u010da konjem in jaha\u010dem optimalne pogoje za vadbo. V jahalnici se nahaja tudi ogrevana tribuna, kjer lahko obiskovalci v vseh vremenskih pogojih spremljajo treninge.<\/p>\n<\/div>\n\n\n\n<div class=\"wp-block-column is-layout-flow wp-block-column-is-layout-flow\" style=\"flex-basis:33.33%\"><div class=\"wp-block-image\">\n<figure class=\"aligncenter size-full\"><img loading=\"lazy\" decoding=\"async\" width=\"960\" height=\"642\" src=\"https:\/\/jcpodvin.si\/wp-content\/uploads\/2023\/06\/Jahalni-center-podvin-grega-bojana-mihelcic-pokrita-jahalnica.jpg\" alt=\"\" class=\"wp-image-113\" srcset=\"https:\/\/jcpodvin.si\/wp-content\/uploads\/2023\/06\/Jahalni-center-podvin-grega-bojana-mihelcic-pokrita-jahalnica.jpg 960w, https:\/\/jcpodvin.si\/wp-content\/uploads\/2023\/06\/Jahalni-center-podvin-grega-bojana-mihelcic-pokrita-jahalnica-300x201.jpg 300w, https:\/\/jcpodvin.si\/wp-content\/uploads\/2023\/06\/Jahalni-center-podvin-grega-bojana-mihelcic-pokrita-jahalnica-768x514.jpg 768w\" sizes=\"auto, (max-width: 767px) 89vw, (max-width: 1000px) 54vw, (max-width: 1071px) 543px, 580px\" \/><\/figure>\n<\/div><\/div>\n<\/div>\n\n\n\n<div class=\"wp-block-columns is-layout-flex wp-container-core-columns-is-layout-9d6595d7 wp-block-columns-is-layout-flex\">\n<div class=\"wp-block-column is-layout-flow wp-block-column-is-layout-flow\" style=\"flex-basis:33.33%\"><div class=\"wp-block-image\">\n<figure class=\"aligncenter size-large\"><img loading=\"lazy\" decoding=\"async\" width=\"1024\" height=\"684\" src=\"https:\/\/jcpodvin.si\/wp-content\/uploads\/2023\/06\/Jena-jahalni-center-podvin-jahac-2-preskakovanje-1024x684.jpg\" alt=\"\" class=\"wp-image-103\" srcset=\"https:\/\/jcpodvin.si\/wp-content\/uploads\/2023\/06\/Jena-jahalni-center-podvin-jahac-2-preskakovanje-1024x684.jpg 1024w, https:\/\/jcpodvin.si\/wp-content\/uploads\/2023\/06\/Jena-jahalni-center-podvin-jahac-2-preskakovanje-300x200.jpg 300w, https:\/\/jcpodvin.si\/wp-content\/uploads\/2023\/06\/Jena-jahalni-center-podvin-jahac-2-preskakovanje-768x513.jpg 768w, https:\/\/jcpodvin.si\/wp-content\/uploads\/2023\/06\/Jena-jahalni-center-podvin-jahac-2-preskakovanje-1536x1025.jpg 1536w, https:\/\/jcpodvin.si\/wp-content\/uploads\/2023\/06\/Jena-jahalni-center-podvin-jahac-2-preskakovanje.jpg 1618w\" sizes=\"auto, (max-width: 767px) 89vw, (max-width: 1000px) 54vw, (max-width: 1071px) 543px, 580px\" \/><\/figure>\n<\/div><\/div>\n\n\n\n<div class=\"wp-block-column is-layout-flow wp-block-column-is-layout-flow\" style=\"flex-basis:66.66%\">\n<p>V na\u0161i jahalni \u0161oli so na voljo pravilno ujahani \u0161olski konji, ki so primerni za u\u010denje vse od za\u010detkov in kasnej\u0161e napredovanje v jahanju. Na njih se boste po\u010dutili varno in se lahko preprosto sprostite in u\u017eivate v dru\u017ebi konja in strokovnega vodenja. V lepem vremenu lahko \u0161olo in treninge izvajamo tudi na odprti travnati mane\u017ei, kjer se lahko pove\u017eete z naravo in u\u017eivate v sve\u017eem zraku.<\/p>\n<\/div>\n<\/div>\n\n\n\n<p>Pridru\u017eite se nam v Jahalnem centru Podvin in se pod vodstvom na\u0161ega izku\u0161enega in\u0161truktorja nau\u010dite umetnosti jahanja. Ne glede na va\u0161e izku\u0161nje, vam zagotavljamo strokovno usmerjanje in prijetno vzdu\u0161je. Pridobite si ve\u0161\u010dine, ki vam bodo omogo\u010dile uresni\u010diti va\u0161e jahalne cilje.<\/p>\n","protected":false},"excerpt":{"rendered":"<p>Individualna \u0161ola jahanja &#8211; za tiste, ki cenite znanje! Vrhunska jahalna \u0161ola in trening center &#8211; Jahalni center Podvin, ponuja celovito izobra\u017eevanje za vse navdu\u0161ence rekreativnega jahanja in vse do jahalnega \u0161porta v preskakovanju ovir in drsuri. In\u0161truktor Grega Mihel\u010di\u010d z mednarodno licenco za obe disciplini in ima bogate izku\u0161nje na podro\u010dju \u0161olanja in tekmovanja &hellip; <\/p>\n<p class=\"link-more\"><a href=\"https:\/\/jcpodvin.si\/index.php\/sola-jahanja\/\" class=\"more-link\">Preberi ve\u010d<span class=\"screen-reader-text\"> &#8220;\u0160ola jahanja&#8221;<\/span><\/a><\/p>\n","protected":false},"author":2,"featured_media":0,"parent":0,"menu_order":0,"comment_status":"closed","ping_status":"closed","template":"","meta":{"footnotes":""},"class_list":["post-107","page","type-page","status-publish","hentry"],"_links":{"self":[{"href":"https:\/\/jcpodvin.si\/index.php\/wp-json\/wp\/v2\/pages\/107","targetHints":{"allow":["GET"]}}],"collection":[{"href":"https:\/\/jcpodvin.si\/index.php\/wp-json\/wp\/v2\/pages"}],"about":[{"href":"https:\/\/jcpodvin.si\/index.php\/wp-json\/wp\/v2\/types\/page"}],"author":[{"embeddable":true,"href":"https:\/\/jcpodvin.si\/index.php\/wp-json\/wp\/v2\/users\/2"}],"replies":[{"embeddable":true,"href":"https:\/\/jcpodvin.si\/index.php\/wp-json\/wp\/v2\/comments?post=107"}],"version-history":[{"count":7,"href":"https:\/\/jcpodvin.si\/index.php\/wp-json\/wp\/v2\/pages\/107\/revisions"}],"predecessor-version":[{"id":142,"href":"https:\/\/jcpodvin.si\/index.php\/wp-json\/wp\/v2\/pages\/107\/revisions\/142"}],"wp:attachment":[{"href":"https:\/\/jcpodvin.si\/index.php\/wp-json\/wp\/v2\/media?parent=107"}],"curies":[{"name":"wp","href":"https:\/\/api.w.org\/{rel}","templated":true}]}}