{"id":118,"date":"2023-06-11T06:42:37","date_gmt":"2023-06-11T06:42:37","guid":{"rendered":"https:\/\/jcpodvin.si\/?page_id=118"},"modified":"2023-06-11T07:10:27","modified_gmt":"2023-06-11T07:10:27","slug":"kje-smo","status":"publish","type":"page","link":"https:\/\/jcpodvin.si\/index.php\/kje-smo\/","title":{"rendered":"Kje smo"},"content":{"rendered":"\n<div class=\"wp-block-columns is-layout-flex wp-container-core-columns-is-layout-9d6595d7 wp-block-columns-is-layout-flex\">\n<div class=\"wp-block-column is-layout-flow wp-block-column-is-layout-flow\" style=\"flex-basis:25%\">\n<p class=\"has-text-align-right\"><strong>Naslov<\/strong>:<\/p>\n<\/div>\n\n\n\n<div class=\"wp-block-column is-layout-flow wp-block-column-is-layout-flow\" style=\"flex-basis:50%\">\n<p>Mo\u0161nje 2B<\/p>\n\n\n\n<p>4240 Radovljica<\/p>\n\n\n\n<p>Slovenija<\/p>\n<\/div>\n\n\n\n<div class=\"wp-block-column is-layout-flow wp-block-column-is-layout-flow\" style=\"flex-basis:25%\"><\/div>\n<\/div>\n\n\n\n<p>Nahajamo se na Gorenjskem v vasi <strong>Mo\u0161nje <\/strong>v bli\u017eini Radovljice. <\/p>\n\n\n\n<p>\u010ce prihajate po avto cesti z ju\u017enega dela, izberite izvoz <strong>Brezje <\/strong>in sleditie stari cesti proti Bledu. Na samoforiziranem kri\u017ei\u0161\u010du sledite tabli za Mo\u0161lje, ki vas usmeri levo. \u010cez 100m zavijte ponovno levo, kjer \u017ee lahko vidite posestvo Jahalnega centra. <\/p>\n\n\n\n<p>\u010ce prihajate iz severa, izberite izvoz <strong>Radovlica <\/strong>kjer na kri\u017ei\u0161\u010du z lokalno cesto zavijete desno proti Brezjam. Na samoforiziranem kri\u017ei\u0161\u010du sledite tabli za Mo\u0161lje, ki vas usmeri desno. \u010cez 100m zavijte levo, kjer \u017ee lahko vidite posestvo Jahalnega centra. <\/p>\n\n\n\n<div class=\"wp-block-buttons is-layout-flex wp-block-buttons-is-layout-flex\">\n<div class=\"wp-block-button\"><a class=\"wp-block-button__link wp-element-button\" href=\"https:\/\/www.google.com\/maps\/dir\/?api=1&amp;destination=46.33862196086344,14.211070285268578\">Kliknite za navigacijo do nas<\/a><\/div>\n<\/div>\n\n\n\n<p><\/p>\n\n\n\n<p>Zemljevid:<\/p>\n\n\n\n<p><\/p>\n\n\n\n<iframe src=\"https:\/\/www.google.com\/maps\/embed?pb=!1m14!1m8!1m3!1d11018.225010001086!2d14.2112634!3d46.3385035!3m2!1i1024!2i768!4f13.1!3m3!1m2!1s0x477abdee266be8cb%3A0x833aa5401802bab2!2s%C5%A0PORTNO%20DRU%C5%A0TVO%20JAHALNI%20CENTER%20PODVIN!5e0!3m2!1sen!2ssi!4v1686336724499!5m2!1sen!2ssi\" width=\"600\" height=\"450\" style=\"border:0;\" allowfullscreen=\"\" loading=\"lazy\" referrerpolicy=\"no-referrer-when-downgrade\"><\/iframe>\n","protected":false},"excerpt":{"rendered":"<p>Naslov: Mo\u0161nje 2B 4240 Radovljica Slovenija Nahajamo se na Gorenjskem v vasi Mo\u0161nje v bli\u017eini Radovljice. \u010ce prihajate po avto cesti z ju\u017enega dela, izberite izvoz Brezje in sleditie stari cesti proti Bledu. Na samoforiziranem kri\u017ei\u0161\u010du sledite tabli za Mo\u0161lje, ki vas usmeri levo. \u010cez 100m zavijte ponovno levo, kjer \u017ee lahko vidite posestvo Jahalnega &hellip; <\/p>\n<p class=\"link-more\"><a href=\"https:\/\/jcpodvin.si\/index.php\/kje-smo\/\" class=\"more-link\">Preberi ve\u010d<span class=\"screen-reader-text\"> &#8220;Kje smo&#8221;<\/span><\/a><\/p>\n","protected":false},"author":2,"featured_media":0,"parent":0,"menu_order":0,"comment_status":"closed","ping_status":"closed","template":"","meta":{"footnotes":""},"class_list":["post-118","page","type-page","status-publish","hentry"],"_links":{"self":[{"href":"https:\/\/jcpodvin.si\/index.php\/wp-json\/wp\/v2\/pages\/118","targetHints":{"allow":["GET"]}}],"collection":[{"href":"https:\/\/jcpodvin.si\/index.php\/wp-json\/wp\/v2\/pages"}],"about":[{"href":"https:\/\/jcpodvin.si\/index.php\/wp-json\/wp\/v2\/types\/page"}],"author":[{"embeddable":true,"href":"https:\/\/jcpodvin.si\/index.php\/wp-json\/wp\/v2\/users\/2"}],"replies":[{"embeddable":true,"href":"https:\/\/jcpodvin.si\/index.php\/wp-json\/wp\/v2\/comments?post=118"}],"version-history":[{"count":11,"href":"https:\/\/jcpodvin.si\/index.php\/wp-json\/wp\/v2\/pages\/118\/revisions"}],"predecessor-version":[{"id":151,"href":"https:\/\/jcpodvin.si\/index.php\/wp-json\/wp\/v2\/pages\/118\/revisions\/151"}],"wp:attachment":[{"href":"https:\/\/jcpodvin.si\/index.php\/wp-json\/wp\/v2\/media?parent=118"}],"curies":[{"name":"wp","href":"https:\/\/api.w.org\/{rel}","templated":true}]}}