{"id":76,"date":"2023-06-06T20:20:55","date_gmt":"2023-06-06T20:20:55","guid":{"rendered":"https:\/\/jcpodvin.si\/?page_id=76"},"modified":"2023-06-06T20:25:57","modified_gmt":"2023-06-06T20:25:57","slug":"oskrba-konj","status":"publish","type":"page","link":"https:\/\/jcpodvin.si\/index.php\/oskrba-konj\/","title":{"rendered":"Oskrba konj"},"content":{"rendered":"\n<p><\/p>\n\n\n\n<figure class=\"wp-block-image size-full\"><img loading=\"lazy\" decoding=\"async\" width=\"960\" height=\"200\" src=\"https:\/\/jcpodvin.si\/wp-content\/uploads\/2023\/06\/Jahalni-center-podvin-grega-hihelcic-izpust-04.jpg\" alt=\"\" class=\"wp-image-87\" srcset=\"https:\/\/jcpodvin.si\/wp-content\/uploads\/2023\/06\/Jahalni-center-podvin-grega-hihelcic-izpust-04.jpg 960w, https:\/\/jcpodvin.si\/wp-content\/uploads\/2023\/06\/Jahalni-center-podvin-grega-hihelcic-izpust-04-300x63.jpg 300w, https:\/\/jcpodvin.si\/wp-content\/uploads\/2023\/06\/Jahalni-center-podvin-grega-hihelcic-izpust-04-768x160.jpg 768w\" sizes=\"auto, (max-width: 767px) 89vw, (max-width: 1000px) 54vw, (max-width: 1071px) 543px, 580px\" \/><\/figure>\n\n\n\n<div class=\"wp-block-columns is-layout-flex wp-container-core-columns-is-layout-9d6595d7 wp-block-columns-is-layout-flex\">\n<div class=\"wp-block-column is-layout-flow wp-block-column-is-layout-flow\"><div class=\"wp-block-image\">\n<figure class=\"aligncenter size-full\"><img loading=\"lazy\" decoding=\"async\" width=\"960\" height=\"720\" src=\"https:\/\/jcpodvin.si\/wp-content\/uploads\/2023\/06\/Jahalni-center-podvin-grega-hihelcic-hlev.jpg\" alt=\"\" class=\"wp-image-78\" srcset=\"https:\/\/jcpodvin.si\/wp-content\/uploads\/2023\/06\/Jahalni-center-podvin-grega-hihelcic-hlev.jpg 960w, https:\/\/jcpodvin.si\/wp-content\/uploads\/2023\/06\/Jahalni-center-podvin-grega-hihelcic-hlev-300x225.jpg 300w, https:\/\/jcpodvin.si\/wp-content\/uploads\/2023\/06\/Jahalni-center-podvin-grega-hihelcic-hlev-768x576.jpg 768w\" sizes=\"auto, (max-width: 767px) 89vw, (max-width: 1000px) 54vw, (max-width: 1071px) 543px, 580px\" \/><\/figure>\n<\/div><\/div>\n\n\n\n<div class=\"wp-block-column is-layout-flow wp-block-column-is-layout-flow\">\n<p>V primeru, da se boste odlo\u010dili in pripeljali konja, lahko pri\u010dakujete boks velik 3,5 x 3,5 m v svetlem in zra\u010dnem hlevu. V sklopu hleva so \u0161e sedlarnica, garderoba in sanitarije ter prostor za pranje konj in solarij. Treningi potekajo bodisi v jahalnici velikosti 20 x 40 m ali na trening travniku velikosti cca. 60 x 80 m. Vsak konj lahko uporablja svoj travnat izpust velikosti cca. 500 m^2. V okolici je veliko lepih terenov, ki nudijo kraj\u0161e ali dalj\u0161e sprehode z va\u0161im konjem.<\/p>\n<\/div>\n<\/div>\n\n\n\n<div class=\"wp-block-columns is-layout-flex wp-container-core-columns-is-layout-9d6595d7 wp-block-columns-is-layout-flex\">\n<div class=\"wp-block-column is-layout-flow wp-block-column-is-layout-flow\">\n<p>\u010cas pre\u017eivet na pa\u0161niku konjem izbolj\u0161uje njihovo fizi\u010dno in psihi\u010dno kondicijo, medsebojni stiki pa pomagajo k socializaciji.<\/p>\n<\/div>\n<\/div>\n\n\n\n<div class=\"wp-block-columns is-layout-flex wp-container-core-columns-is-layout-9d6595d7 wp-block-columns-is-layout-flex\">\n<div class=\"wp-block-column is-layout-flow wp-block-column-is-layout-flow\" style=\"flex-basis:66.66%\">\n<p><\/p>\n\n\n\n<p>V Jahalnem centru Podvin posve\u010damo posebno pozornost izpustom oziroma pa\u0161nikom. Z dobrim vzdr\u017eevanjem travnatih povr\u0161in smo dosegli, da se konji vedno lahko pasejo. Konj, ki so kovani, ne moremo spu\u0161\u010dati v skupino, saj je tveganje za po\u0161kodbe preveliko. Vsaka po\u0161kodba pomeni veterinarske stro\u0161ke, da o dol\u017eini zdravljenja ali stalni zmanj\u0161ani sposobnosti konja za delo sploh ne govorimo. Tekmovalec lahko zaradi tega izgubi celo sezono. Zaradi tega ima pri nas vsak konj svoj izpust, s tem da so konji drug od drugega ograjeni, a \u0161e vedno v kontaktu. Zelo pazimo na primeren \u010das izpu\u0161\u010danja, ko ni vro\u010dine in mr\u010desa, da ne izgubljajo energije po nepotrebnem. Vsi konji, \u0161e bolj pa tekmovalni, ki \u017eivijo pod ve\u010djim fizi\u010dnim in psihi\u010dnim pritiskom (treningi, tekmovanja, prevozi idr.) potrebujejo sprostitev v naravi.<\/p>\n<\/div>\n\n\n\n<div class=\"wp-block-column is-layout-flow wp-block-column-is-layout-flow\" style=\"flex-basis:33.33%\">\n<figure class=\"wp-block-image size-large\"><img loading=\"lazy\" decoding=\"async\" width=\"768\" height=\"1024\" src=\"https:\/\/jcpodvin.si\/wp-content\/uploads\/2023\/06\/Jahalni-center-podvin-grega-hihelcic-izpust-02-768x1024.jpg\" alt=\"\" class=\"wp-image-81\" srcset=\"https:\/\/jcpodvin.si\/wp-content\/uploads\/2023\/06\/Jahalni-center-podvin-grega-hihelcic-izpust-02-768x1024.jpg 768w, https:\/\/jcpodvin.si\/wp-content\/uploads\/2023\/06\/Jahalni-center-podvin-grega-hihelcic-izpust-02-225x300.jpg 225w, https:\/\/jcpodvin.si\/wp-content\/uploads\/2023\/06\/Jahalni-center-podvin-grega-hihelcic-izpust-02.jpg 810w\" sizes=\"auto, (max-width: 767px) 89vw, (max-width: 1000px) 54vw, (max-width: 1071px) 543px, 580px\" \/><\/figure>\n<\/div>\n<\/div>\n\n\n\n<figure class=\"wp-block-image size-large\"><img loading=\"lazy\" decoding=\"async\" width=\"1024\" height=\"577\" src=\"https:\/\/jcpodvin.si\/wp-content\/uploads\/2023\/06\/Jahalni-center-podvin-grega-hihelcic-izpust-03-1-1-1024x577.jpg\" alt=\"\" class=\"wp-image-93\" srcset=\"https:\/\/jcpodvin.si\/wp-content\/uploads\/2023\/06\/Jahalni-center-podvin-grega-hihelcic-izpust-03-1-1-1024x577.jpg 1024w, https:\/\/jcpodvin.si\/wp-content\/uploads\/2023\/06\/Jahalni-center-podvin-grega-hihelcic-izpust-03-1-1-300x169.jpg 300w, https:\/\/jcpodvin.si\/wp-content\/uploads\/2023\/06\/Jahalni-center-podvin-grega-hihelcic-izpust-03-1-1-768x432.jpg 768w, https:\/\/jcpodvin.si\/wp-content\/uploads\/2023\/06\/Jahalni-center-podvin-grega-hihelcic-izpust-03-1-1-1536x865.jpg 1536w, https:\/\/jcpodvin.si\/wp-content\/uploads\/2023\/06\/Jahalni-center-podvin-grega-hihelcic-izpust-03-1-1.jpg 1918w\" sizes=\"auto, (max-width: 767px) 89vw, (max-width: 1000px) 54vw, (max-width: 1071px) 543px, 580px\" \/><\/figure>\n","protected":false},"excerpt":{"rendered":"<p>V primeru, da se boste odlo\u010dili in pripeljali konja, lahko pri\u010dakujete boks velik 3,5 x 3,5 m v svetlem in zra\u010dnem hlevu. V sklopu hleva so \u0161e sedlarnica, garderoba in sanitarije ter prostor za pranje konj in solarij. Treningi potekajo bodisi v jahalnici velikosti 20 x 40 m ali na trening travniku velikosti cca. 60 &hellip; <\/p>\n<p class=\"link-more\"><a href=\"https:\/\/jcpodvin.si\/index.php\/oskrba-konj\/\" class=\"more-link\">Preberi ve\u010d<span class=\"screen-reader-text\"> &#8220;Oskrba konj&#8221;<\/span><\/a><\/p>\n","protected":false},"author":2,"featured_media":0,"parent":0,"menu_order":0,"comment_status":"closed","ping_status":"closed","template":"","meta":{"footnotes":""},"class_list":["post-76","page","type-page","status-publish","hentry"],"_links":{"self":[{"href":"https:\/\/jcpodvin.si\/index.php\/wp-json\/wp\/v2\/pages\/76","targetHints":{"allow":["GET"]}}],"collection":[{"href":"https:\/\/jcpodvin.si\/index.php\/wp-json\/wp\/v2\/pages"}],"about":[{"href":"https:\/\/jcpodvin.si\/index.php\/wp-json\/wp\/v2\/types\/page"}],"author":[{"embeddable":true,"href":"https:\/\/jcpodvin.si\/index.php\/wp-json\/wp\/v2\/users\/2"}],"replies":[{"embeddable":true,"href":"https:\/\/jcpodvin.si\/index.php\/wp-json\/wp\/v2\/comments?post=76"}],"version-history":[{"count":10,"href":"https:\/\/jcpodvin.si\/index.php\/wp-json\/wp\/v2\/pages\/76\/revisions"}],"predecessor-version":[{"id":94,"href":"https:\/\/jcpodvin.si\/index.php\/wp-json\/wp\/v2\/pages\/76\/revisions\/94"}],"wp:attachment":[{"href":"https:\/\/jcpodvin.si\/index.php\/wp-json\/wp\/v2\/media?parent=76"}],"curies":[{"name":"wp","href":"https:\/\/api.w.org\/{rel}","templated":true}]}}